{"id":171,"date":"2021-08-23T11:04:03","date_gmt":"2021-08-23T08:04:03","guid":{"rendered":"http:\/\/www.fatihtasbilek.com.tr\/?page_id=171"},"modified":"2021-08-23T11:21:09","modified_gmt":"2021-08-23T08:21:09","slug":"hvac-havalandirma-sistemleri","status":"publish","type":"page","link":"http:\/\/www.fatihtasbilek.com.tr\/index.php\/hvac-havalandirma-sistemleri\/","title":{"rendered":"HVAC Havaland\u0131rma Sistemleri"},"content":{"rendered":"\n<div class=\"wp-block-media-text alignwide is-stacked-on-mobile is-vertically-aligned-top\"><figure class=\"wp-block-media-text__media\"><img loading=\"lazy\" decoding=\"async\" width=\"1024\" height=\"426\" src=\"http:\/\/www.fatihtasbilek.com.tr\/wp-content\/uploads\/2021\/08\/hvacc-1024x426-1.jpg\" alt=\"\" class=\"wp-image-201 size-full\" srcset=\"http:\/\/www.fatihtasbilek.com.tr\/wp-content\/uploads\/2021\/08\/hvacc-1024x426-1.jpg 1024w, http:\/\/www.fatihtasbilek.com.tr\/wp-content\/uploads\/2021\/08\/hvacc-1024x426-1-300x125.jpg 300w, http:\/\/www.fatihtasbilek.com.tr\/wp-content\/uploads\/2021\/08\/hvacc-1024x426-1-768x320.jpg 768w\" sizes=\"auto, (max-width: 1024px) 100vw, 1024px\" \/><\/figure><div class=\"wp-block-media-text__content\">\n<h3 class=\"wp-block-heading\">Hvac Havaland\u0131rma Sistemleri<\/h3>\n\n\n\n<p class=\"has-text-align-left\">HVAC sistemleri kurulduklar\u0131 ortamlardan uygun s\u0131cakl\u0131k, bas\u0131n\u00e7, nem gibi verileri alarak uygun bir d\u00fczeyde havaland\u0131rma sistemlerini aktif etmektedirler. HVAC sistemlerinde sa\u011flanabilecek en uygun kontrol sistemlerin bas\u0131n\u00e7 ve s\u0131cakl\u0131klar\u0131n\u0131 otomatik kumanda ile kontrol etmektir. Sistem bu kontrol\u00fcn ard\u0131ndan istenen konfora, s\u0131n\u0131rl\u0131 bir enerji kullanarak ula\u015fmaktad\u0131r \u00e7\u00fcnk\u00fc sistemin en \u00f6nemli \u00f6zelli\u011fi minimum enerji ile maksimum konfora ula\u015farak gerekli uygun \u015fartlar\u0131 sa\u011flamakt\u0131r.<\/p>\n\n\n\n<ul class=\"wp-block-list\"><li>Is\u0131tma Sistemleri<\/li><li>Havaland\u0131rma Sistemleri<\/li><li>Vrf\/Vrv Klima Sistemleri<\/li><li>Hijyenik Klima Sistemleri<\/li><li>Ameliyathane ve Filtre Sistemleri<\/li><li>Pompa \u0130stasyonlar\u0131 ve Manevra Odalar\u0131<\/li><li>So\u011futma Suyu Haz\u0131rlama ve Da\u011f\u0131tma Sistemleri<\/li><li>Is\u0131tma Suyu Haz\u0131rlama ve Da\u011f\u0131tma Sistemleri<\/li><li>Havaland\u0131rma Ekipmanlar\u0131 planlamas\u0131 temini ve montaj\u0131<\/li><\/ul>\n<\/div><\/div>\n","protected":false},"excerpt":{"rendered":"<p>Hvac Havaland\u0131rma Sistemleri HVAC sistemleri kurulduklar\u0131 ortamlardan uygun s\u0131cakl\u0131k, bas\u0131n\u00e7, nem gibi verileri alarak uygun bir d\u00fczeyde havaland\u0131rma sistemlerini aktif etmektedirler. HVAC sistemlerinde sa\u011flanabilecek en uygun kontrol sistemlerin bas\u0131n\u00e7 ve s\u0131cakl\u0131klar\u0131n\u0131 otomatik kumanda ile kontrol etmektir. Sistem bu kontrol\u00fcn ard\u0131ndan istenen konfora, s\u0131n\u0131rl\u0131 bir enerji kullanarak ula\u015fmaktad\u0131r \u00e7\u00fcnk\u00fc sistemin en \u00f6nemli \u00f6zelli\u011fi minimum enerji ile&hellip; <br \/> <a class=\"read-more\" href=\"http:\/\/www.fatihtasbilek.com.tr\/index.php\/hvac-havalandirma-sistemleri\/\">Devam\u0131<\/a><\/p>\n","protected":false},"author":1,"featured_media":0,"parent":0,"menu_order":0,"comment_status":"closed","ping_status":"closed","template":"","meta":{"footnotes":""},"class_list":["post-171","page","type-page","status-publish","hentry"],"_links":{"self":[{"href":"http:\/\/www.fatihtasbilek.com.tr\/index.php\/wp-json\/wp\/v2\/pages\/171","targetHints":{"allow":["GET"]}}],"collection":[{"href":"http:\/\/www.fatihtasbilek.com.tr\/index.php\/wp-json\/wp\/v2\/pages"}],"about":[{"href":"http:\/\/www.fatihtasbilek.com.tr\/index.php\/wp-json\/wp\/v2\/types\/page"}],"author":[{"embeddable":true,"href":"http:\/\/www.fatihtasbilek.com.tr\/index.php\/wp-json\/wp\/v2\/users\/1"}],"replies":[{"embeddable":true,"href":"http:\/\/www.fatihtasbilek.com.tr\/index.php\/wp-json\/wp\/v2\/comments?post=171"}],"version-history":[{"count":2,"href":"http:\/\/www.fatihtasbilek.com.tr\/index.php\/wp-json\/wp\/v2\/pages\/171\/revisions"}],"predecessor-version":[{"id":202,"href":"http:\/\/www.fatihtasbilek.com.tr\/index.php\/wp-json\/wp\/v2\/pages\/171\/revisions\/202"}],"wp:attachment":[{"href":"http:\/\/www.fatihtasbilek.com.tr\/index.php\/wp-json\/wp\/v2\/media?parent=171"}],"curies":[{"name":"wp","href":"https:\/\/api.w.org\/{rel}","templated":true}]}}