{"id":95,"date":"2021-08-21T13:52:14","date_gmt":"2021-08-21T10:52:14","guid":{"rendered":"http:\/\/www.fatihtasbilek.com.tr\/index.php\/mesmerize\/"},"modified":"2021-08-23T11:31:45","modified_gmt":"2021-08-23T08:31:45","slug":"mesmerize","status":"publish","type":"page","link":"http:\/\/www.fatihtasbilek.com.tr\/","title":{"rendered":"Front Page"},"content":{"rendered":"<div  id=\"faaliyet-alanlarmiz\" style=\"background-color: #ffffff;\" data-label=\"Faaliyet Alanlarmiz\" data-id=\"features-16-card-bordered-mc\" data-export-id=\"features-16-card-bordered-mc\" data-bullets-visibility=\"true\" data-category=\"features\" class=\"features-16-card-bordered-mc content-section content-section-spacing\"><div  class=\"gridContainer\"> <div  class=\"row text-center\"><div  class=\"section-title-col\" data-type=\"column\">  <h2  class=\"\">Faaliyet Alanlar\u0131m\u0131z<\/h2> <\/div> <\/div> <div  class=\"row spaced-cols center-sm content-center-sm\" data-type=\"row\"> <div  class=\"col-xs-12 col-sm-6 col-md-4 \"> <div  class=\"card no-padding bordered y-move\"> <img decoding=\"async\"  class=\"face\" src=\"http:\/\/www.fatihtasbilek.com.tr\/wp-content\/uploads\/2021\/08\/cropped-mekanik-tesisat-nedir-nerelerde-kullanilir.jpg\" title=\"cropped-mekanik-tesisat-nedir-nerelerde-kullanilir\" alt=\"\"> <div  data-type=\"column\" class=\"col-padding-small col-padding-small-xs description-container\"> <h4  class=\"font-500\">Is\u0131tma-So\u011futma Sistemleri<\/h4> <p  class=\"\">Modern binalarda, evlerde, i\u015f merkezlerinde \u0131s\u0131 konforunun sa\u011flanmas\u0131 i\u00e7in kullan\u0131l\u0131r.Binalar\u0131n yap\u0131s\u0131na ve kullan\u0131lan hvac sistemlerinin \u00f6zelliklerine g\u00f6re hvac i\u00e7in harcanan enerji, binan\u0131n harcad\u0131\u011f\u0131 enerjinin %15 ile %60\u2019\u0131na denk gelir.<\/p><\/div> <div  data-type=\"column\" class=\"col-padding-small col-padding-small-xs read-more-container\"><a class=\"read-more\" href=\"http:\/\/www.fatihtasbilek.com.tr\/index.php\/isitma-sogutma-sistemleri\" target=\"_self\" data-cp-link=\"1\" rel=\"noopener\">Daha Fazla<\/a><\/div> <\/div><\/div>   <div  class=\"col-xs-12 col-sm-6 col-md-4 \"> <div  class=\"card no-padding bordered y-move\"> <img decoding=\"async\"  class=\"face\" src=\"http:\/\/www.fatihtasbilek.com.tr\/wp-content\/uploads\/2021\/08\/cropped-1_sxMm3gHp132JEHLHwJDYuw.png\" title=\"cropped-1_sxMm3gHp132JEHLHwJDYuw\" alt=\"\"> <div  data-type=\"column\" class=\"col-padding-small col-padding-small-xs description-container\"> <h4  class=\"font-500\">Otomasyon Sistemleri<\/h4> <p  class=\"\">Otomasyon sisteminde toplam i\u015fin payla\u015f\u0131m y\u00fczdesi, o sistemin d\u00fczeyini g\u00f6sterir. Sanayi devrimi ile birlikte \u00fcretimin artmas\u0131,ko\u015fullar\u0131 da de\u011fi\u015ftirdi. Zaman ge\u00e7tik\u00e7e insan g\u00fcc\u00fcyle \u00fcretimi artt\u0131rmak maliyetli oldu\u011fu i\u00e7in bu sistemlere ihtiya\u00e7 duyulmu\u015ftur.<\/p><\/div> <div  data-type=\"column\" class=\"col-padding-small col-padding-small-xs read-more-container\"><a class=\"read-more\" href=\"http:\/\/www.fatihtasbilek.com.tr\/index.php\/otomasyon-sistemleri\" target=\"_self\" data-cp-link=\"1\" rel=\"noopener\">Daha Fazla<\/a><\/div> <\/div><\/div><div  class=\"col-xs-12 col-sm-6 col-md-4 \"> <div  class=\"card no-padding bordered y-move\"> <img decoding=\"async\"  class=\"face\" src=\"http:\/\/www.fatihtasbilek.com.tr\/wp-content\/uploads\/2021\/08\/cropped-sprinkler-sistemi.jpg\" title=\"cropped-sprinkler-sistemi\" alt=\"\"> <div  data-type=\"column\" class=\"col-padding-small col-padding-small-xs description-container\"> <h4  class=\"font-500\">Yang\u0131n S\u00f6nd\u00fcrme Sistemleri<\/h4> <p  class=\"\">Yang\u0131na ilk anda m\u00fcdahale etmek, b\u00fcy\u00fck yap\u0131larda yang\u0131n\u0131n meydana geldi\u011fi b\u00f6lgeyi  belirlemek,panel \u00fczerinden ya da g\u00f6zlem merkezinden g\u00f6nderilen direktiflerle yang\u0131n\u0131n \u00e7\u0131kt\u0131\u011f\u0131 b\u00f6lgeye fiziki m\u00fcdaheleyi tetiklemek gibi kritik fonksiyonlar\u0131 yerine getiriyor.<\/p><\/div> <div  data-type=\"column\" class=\"col-padding-small col-padding-small-xs read-more-container\"><a class=\"read-more\" href=\"http:\/\/www.fatihtasbilek.com.tr\/index.php\/yangin-koruma-sistemleri\" target=\"_self\" data-cp-link=\"1\" rel=\"noopener\">Daha Fazla<\/a><\/div> <\/div><\/div><div  class=\"col-xs-12 col-sm-6 col-md-4\"> <div  class=\"card no-padding bordered y-move\"> <img decoding=\"async\"  class=\"face\" src=\"http:\/\/www.fatihtasbilek.com.tr\/wp-content\/uploads\/2021\/08\/cropped-HVAC-\u2013-Heating-Ventilation-\u2013-Air-Conditioning.jpg\" title=\"cropped-HVAC-\u2013-Heating-Ventilation-\u2013-Air-Conditioning\" alt=\"\"> <div  data-type=\"column\" class=\"col-padding-small col-padding-small-xs description-container\"> <h4  class=\"font-500\">HVAC Havaland\u0131rma Sistemleri<\/h4> <p  class=\"\">Yap\u0131larda kurulan HVAC sistemlerinin as\u0131l amac\u0131 ise insanlar\u0131n bulunduklar\u0131 ortamlarda hava kalitesini art\u0131rarak optimum s\u0131cakl\u0131klarda konfor \u015fartlar\u0131n\u0131 yerine getirmektir.HVAC sistemleri kurulduklar\u0131 ortamlardan uygun s\u0131cakl\u0131k, bas\u0131n\u00e7, nem gibi verileri alarak uygun bir d\u00fczeyde havaland\u0131rma sistemlerini aktif etmektedirler.<\/p><\/div> <div  data-type=\"column\" class=\"col-padding-small col-padding-small-xs read-more-container\"><a class=\"read-more\" href=\"http:\/\/www.fatihtasbilek.com.tr\/index.php\/hvac-havalandirma-sistemleri\" target=\"_self\" data-cp-link=\"1\" rel=\"noopener\">Daha Fazla<\/a><\/div> <\/div><\/div><div  class=\"col-xs-12 col-sm-6 col-md-4\"> <div  class=\"card no-padding bordered y-move\"> <img decoding=\"async\"  class=\"face\" src=\"http:\/\/www.fatihtasbilek.com.tr\/wp-content\/uploads\/2021\/08\/cropped-Sihhi.jpg\" title=\"cropped-Sihhi\" alt=\"\"> <div  data-type=\"column\" class=\"col-padding-small col-padding-small-xs description-container\"> <h4  class=\"font-500\">S\u0131hh\u0131 Tesisat Sistemleri<\/h4> <p  class=\"\">Binalara \u015febekeden, kuyulardan, ya\u011fmur toplama tanklar\u0131 vb. noktalardan gelen suyun depolanmas\u0131, ar\u0131t\u0131lmas\u0131, \u0131s\u0131t\u0131larak veya \u0131s\u0131t\u0131lmayarak kullan\u0131m alan\u0131na servis edilmesi ve at\u0131k suyu tahliyesi i\u015flerinin tamam\u0131 projelendirilir.Temiz Su Tesisat\u0131nda kullan\u0131m ama\u00e7l\u0131 S\u0131cak su Tesisat\u0131 da projelendirilip kullan\u0131ma sunuabilir. <\/p><\/div> <div  data-type=\"column\" class=\"col-padding-small col-padding-small-xs read-more-container\"><a class=\"read-more\" href=\"http:\/\/www.fatihtasbilek.com.tr\/index.php\/sihhi-tesisat-sistemleri\" target=\"_self\" data-cp-link=\"1\" rel=\"noopener\">Daha Fazla<\/a><\/div> <\/div><\/div><div  class=\"col-xs-12 col-sm-6 col-md-4\"> <div  class=\"card no-padding bordered y-move\"> <img decoding=\"async\"  class=\"face\" src=\"http:\/\/www.fatihtasbilek.com.tr\/wp-content\/uploads\/2021\/08\/cropped-projelendirme.jpg\" title=\"cropped-projelendirme\" alt=\"\"> <div  data-type=\"column\" class=\"col-padding-small col-padding-small-xs description-container\"> <h4  class=\"font-500\">Projelendirme<\/h4> <p  class=\"\">M\u00fchendislerimiz taraf\u0131ndan en uygun b\u00fct\u00e7e kullan\u0131lacak \u00fcr\u00fcnler se\u00e7ilerek, uzun vadede sorunsunsuz bir i\u015f ortaya konmas\u0131 hedeflenerek maliyet hesab\u0131 \u00e7\u0131kar\u0131l\u0131r. Projelendirme s\u00fcreci sonucunda ortaya \u00e7\u0131kan taslak da kullan\u0131lacak \u00fcr\u00fcnler, yaz\u0131l\u0131mlar ve projenin \u00e7al\u0131\u015f\u0131r konuma geli\u015f s\u00fcresi hakk\u0131nda bilgi iletilir.<\/p><\/div> <div  data-type=\"column\" class=\"col-padding-small col-padding-small-xs read-more-container\"><a class=\"read-more\" href=\"http:\/\/www.fatihtasbilek.com.tr\/index.php\/projelendirme\" target=\"_self\" data-cp-link=\"1\" rel=\"noopener\">Daha Fazla<\/a><\/div> <\/div><\/div><\/div><\/div> <\/div><div  id=\"projelerimiz\" data-label=\"Projelerimiz\" data-id=\"portfolio-5-mc\" data-export-id=\"portfolio-5-mc\" data-bullets-visibility=\"true\" data-category=\"portfolio\" class=\"portfolio-5-mc content-section content-section-spacing section-title-col-white-text bg-color1\"><div  class=\"gridContainer\"> <div  class=\"row text-center\"><div  class=\"section-title-col\" data-type=\"column\"> <h5  class=\"\">Projelerimiz<\/h5> <h2  class=\"\">Yap\u0131m\u0131 Tamamlanan Projelerimiz<\/h2> <\/div> <\/div> <div  class=\"row space-bottom spaced-cols\" data-type=\"row\"> <div  class=\"col-xs-12 col-sm-4 text-center\"> <div  class=\"card no-padding bordered\"> <div  data-hover-fx=\"portfolio-6\" class=\"contentswap-effect contentswap-overlay\" style=\"float: none; margin: 0; width: 100%;\"> <div  class=\"initial-image\" style=\"float: none; margin: 0;\"> <img decoding=\"async\"  data-size=\"500x333\" src=\"http:\/\/www.fatihtasbilek.com.tr\/wp-content\/uploads\/2021\/08\/cropped-b0d41463-6394-472a-843e-27d0a315d323.jpg\"><\/div> <div  class=\"overlay bg-color6\" style=\"display: block; transition: opacity 800ms ease 0s; -webkit-transition-timing-function: ease; -moz-transition-timing-function: ease; -o-transition-timing-function: ease; transition-timing-function: ease;\"><\/div> <div  class=\"swap-inner col-xs-12\" style=\"display: block; transition: all 800ms ease 0s; background-color: rgba(0,0,0,0); margin-top: 0;\"> <div  class=\"row full-height-row middle-xs middle-sm\"> <div  class=\"col-xs-12 text-center content-holder\"> <a class=\"button small color2\" href=\"#\" target=\"_self\" data-cp-link=\"1\" rel=\"noopener\">View case study<\/a><\/div> <\/div><\/div> <\/div> <div  class=\"col-xs-12\"> <div  class=\"space-bottom space-top\" data-type=\"column\"> <h5  class=\"\">T\u00dcB\u0130TAK SAGE<\/h5> <p  class=\"small italic\">T\u00fcbitak Sage F\u00fcze Entegrasyon Merkezi Binas\u0131 Tamamlama \u0130\u015fi<\/p><\/div> <\/div><\/div> <\/div> <div  class=\"col-xs-12 col-sm-4 text-center\"> <div  class=\"card no-padding bordered\"> <div  data-hover-fx=\"portfolio-6\" class=\"contentswap-effect contentswap-overlay\" style=\"float: none; margin: 0; width: 100%;\"> <div  class=\"initial-image\" style=\"float: none; margin: 0;\"> <img decoding=\"async\"  data-size=\"500x333\" src=\"http:\/\/www.fatihtasbilek.com.tr\/wp-content\/uploads\/2021\/08\/cropped-BKM_OKL_BIRLESTIRME-10-scaled-1.jpg\"><\/div> <div  class=\"overlay bg-color6\" style=\"display: block; transition: opacity 800ms ease 0s; -webkit-transition-timing-function: ease; -moz-transition-timing-function: ease; -o-transition-timing-function: ease; transition-timing-function: ease;\"><\/div> <div  class=\"swap-inner col-xs-12\" style=\"display: block; transition: all 800ms ease 0s; background-color: rgba(0,0,0,0); margin-top: 0;\"> <div  class=\"row full-height-row middle-xs middle-sm\"> <div  class=\"col-xs-12 text-center content-holder\"> <a class=\"button small color2\" href=\"#\" target=\"_self\" data-cp-link=\"1\" rel=\"noopener\">View case study<\/a><\/div> <\/div><\/div> <\/div> <div  class=\"col-xs-12\"> <div  class=\"space-bottom space-top\" data-type=\"column\"> <h5  class=\"\">MSB Bal\u0131kesir \u0130n\u015faat Emlak B\u00f6lge Ba\u015fkanl\u0131\u011f\u0131<\/h5> <p  class=\"small italic\">BKM.OKL.VE E\u011eT.MRK.K.LI\u011eI 2003-ISM-YI\u011e-<br >011,1989-DRS-KAR-031,1980-EPV-BET-022 VE 1986-<br >ISM-BET-044 ALB\u00dcM NO.LU ISI<br >MERKEZLER\u0130N\u0130N B\u0130RLE\u015eT\u0130R\u0130LMES\u0130 VE ISITMA<br >HATLARININ YEN\u0130LENMES\u0130<\/p><\/div> <\/div><\/div> <\/div> <div  class=\"col-xs-12 col-sm-4 text-center\"> <div  class=\"card no-padding bordered\"> <div  data-hover-fx=\"portfolio-6\" class=\"contentswap-effect contentswap-overlay\" style=\"float: none; margin: 0; width: 100%;\"> <div  class=\"initial-image\" style=\"float: none; margin: 0;\"> <img decoding=\"async\"  data-size=\"500x333\" src=\"http:\/\/www.fatihtasbilek.com.tr\/wp-content\/uploads\/2021\/08\/cropped-DSCN0204-scaled-1.jpg\"><\/div> <div  class=\"overlay bg-color6\" style=\"display: block; transition: opacity 800ms ease 0s; -webkit-transition-timing-function: ease; -moz-transition-timing-function: ease; -o-transition-timing-function: ease; transition-timing-function: ease;\"><\/div> <div  class=\"swap-inner col-xs-12\" style=\"display: block; transition: all 800ms ease 0s; background-color: rgba(0,0,0,0); margin-top: 0;\"> <div  class=\"row full-height-row middle-xs middle-sm\"> <div  class=\"col-xs-12 text-center content-holder\"> <a class=\"button small color2\" href=\"#\" target=\"_self\" data-cp-link=\"1\" rel=\"noopener\">View case study<\/a><\/div> <\/div><\/div> <\/div> <div  class=\"col-xs-12\"> <div  class=\"space-bottom space-top\" data-type=\"column\"> <h5  class=\"\">\u00c7anakaale 18 Mart \u00dcniversitesi<\/h5> <p  class=\"small italic\">\u00c7ANAKKALE 18 MART \u00dcN\u0130VERS\u0130TES\u0130 300<br >YATAKLI TIP FAK\u00dcLTES\u0130 HASTANES\u0130 \u0130N\u015eAATI T\u00fcM MEKAN\u0130K TES\u0130SAT<br >YAPIM \u0130\u015e\u0130<\/p><\/div> <\/div><\/div> <\/div><\/div> <div  class=\"row\"><div  data-type=\"column\" class=\"col-xs-12 text-center\"> <a class=\"button color2 y-move\" href=\"http:\/\/www.fatihtasbilek.com.tr\/index.php\/tamamlanan-projeler\" target=\"_self\" data-cp-link=\"1\" rel=\"noopener\">Tamam\u0131n\u0131 G\u00f6r\u00fcnt\u00fcle<\/a><\/div> <\/div><\/div> <\/div><div  id=\"iletisim-1\" style=\"background-color: #ffffff;\" data-label=\"iletisim\" data-id=\"contact-1-mc\" data-export-id=\"contact-1-mc\" data-bullets-visibility=\"true\" data-category=\"contact\" class=\"contact-1-mc content-section content-section-spacing white-text\" data-parallax-depth=\"20\"><div  class=\"gridContainer\"> <div  class=\"row text-center\"><div  class=\"section-title-col\" data-type=\"column\">  <h2  class=\"\">\u0130leti\u015fim<\/h2> <p  class=\"lead\">Adres : \u015eeftali Caddesi No:45\/A&nbsp; \u00c7ankaya \/ Ankara\n<br >Telefon : 0312 472 24 20&nbsp;\n<br >Faks : 0312 472 24 21\n<br >E-Mail : fatihtasbilek@gmail.com<\/p><\/div> <\/div> <div  class=\"row text-center\"> <div  class=\"col-xs-12 col-sm-8 col-sm-offset-2 contact-form-wrapper inline-info\"> <div  class=\"card large-padding\"> <div  class=\"\" data-content-shortcode=\"mesmerize_contact_form shortcode=&quot;&amp;amp;lt;iframe src=&amp;amp;quot;https:\/\/www.google.com\/maps\/embed?pb=!1m18!1m12!1m3!1d3061.6843378632975!2d32.83088631563714!3d39.8813080959513!2m3!1f0!2f0!3f0!3m2!1i1024!2i768!4f13.1!3m3!1m2!1s0x14d345e8abf97837%3A0x6adb0efecff8e7ad!2sFatih%20Ta%C5%9Fbilek%20M%C3%BChendislik!5e0!3m2!1str!2str!4v1629545119311!5m2!1str!2str&amp;amp;quot; width=&amp;amp;quot;600&amp;amp;quot; height=&amp;amp;quot;450&amp;amp;quot; style=&amp;amp;quot;border:0;&amp;amp;quot; allowfullscreen=&amp;amp;quot;&amp;amp;quot; loading=&amp;amp;quot;lazy&amp;amp;quot;&amp;amp;gt;&amp;amp;lt;\/iframe&amp;amp;gt;&quot;\" data-editable=\"true\">[<iframe src=\"https:\/\/www.google.com\/maps\/embed?pb=!1m18!1m12!1m3!1d3061.6843378632975!2d32.83088631563714!3d39.8813080959513!2m3!1f0!2f0!3f0!3m2!1i1024!2i768!4f13.1!3m3!1m2!1s0x14d345e8abf97837%3A0x6adb0efecff8e7ad!2sFatih%20Ta%C5%9Fbilek%20M%C3%BChendislik!5e0!3m2!1str!2str!4v1629545119311!5m2!1str!2str\" width=\"600\" height=\"450\" style=\"border:0;\" allowfullscreen=\"\" loading=\"lazy\"><\/iframe>]<\/div><\/div> <\/div><\/div> <\/div><\/div>","protected":false},"excerpt":{"rendered":"<p>Faaliyet Alanlar\u0131m\u0131z Is\u0131tma-So\u011futma Sistemleri Modern binalarda, evlerde, i\u015f merkezlerinde \u0131s\u0131 konforunun sa\u011flanmas\u0131 i\u00e7in kullan\u0131l\u0131r.Binalar\u0131n yap\u0131s\u0131na ve kullan\u0131lan hvac sistemlerinin \u00f6zelliklerine g\u00f6re hvac i\u00e7in harcanan enerji, binan\u0131n harcad\u0131\u011f\u0131 enerjinin %15 ile %60\u2019\u0131na denk gelir. Daha Fazla Otomasyon Sistemleri Otomasyon sisteminde toplam i\u015fin payla\u015f\u0131m y\u00fczdesi, o sistemin d\u00fczeyini g\u00f6sterir. Sanayi devrimi ile birlikte \u00fcretimin artmas\u0131,ko\u015fullar\u0131 da de\u011fi\u015ftirdi.&hellip; <br \/> <a class=\"read-more\" href=\"http:\/\/www.fatihtasbilek.com.tr\/\">Devam\u0131<\/a><\/p>\n","protected":false},"author":1,"featured_media":0,"parent":0,"menu_order":0,"comment_status":"closed","ping_status":"closed","template":"page-templates\/homepage.php","meta":{"footnotes":""},"class_list":["post-95","page","type-page","status-publish","hentry"],"_links":{"self":[{"href":"http:\/\/www.fatihtasbilek.com.tr\/index.php\/wp-json\/wp\/v2\/pages\/95","targetHints":{"allow":["GET"]}}],"collection":[{"href":"http:\/\/www.fatihtasbilek.com.tr\/index.php\/wp-json\/wp\/v2\/pages"}],"about":[{"href":"http:\/\/www.fatihtasbilek.com.tr\/index.php\/wp-json\/wp\/v2\/types\/page"}],"author":[{"embeddable":true,"href":"http:\/\/www.fatihtasbilek.com.tr\/index.php\/wp-json\/wp\/v2\/users\/1"}],"replies":[{"embeddable":true,"href":"http:\/\/www.fatihtasbilek.com.tr\/index.php\/wp-json\/wp\/v2\/comments?post=95"}],"version-history":[{"count":13,"href":"http:\/\/www.fatihtasbilek.com.tr\/index.php\/wp-json\/wp\/v2\/pages\/95\/revisions"}],"predecessor-version":[{"id":195,"href":"http:\/\/www.fatihtasbilek.com.tr\/index.php\/wp-json\/wp\/v2\/pages\/95\/revisions\/195"}],"wp:attachment":[{"href":"http:\/\/www.fatihtasbilek.com.tr\/index.php\/wp-json\/wp\/v2\/media?parent=95"}],"curies":[{"name":"wp","href":"https:\/\/api.w.org\/{rel}","templated":true}]}}